 0 = 3*l + 9. Is q a composite number?
False
Suppose -2521610 = -57*w + 945301. Is w composite?
True
Let w = 5010 - 7879. Let c = -1820 - w. Is c a prime number?
True
Let l(t) = -t**3 + 173*t**2 - 260*t + 23. Is l(29) composite?
True
Let p be (-1540)/80 - 1/(-4). Is 40987 - -1 - 57/p a composite number?
True
Suppose -184*q - 6224365 = -381*q + 192*q. Is q composite?
True
Let b = -19 + 24. Suppose t + 3*o - 195 = 119, b*t + 2*o = 1609. Is t prime?
False
Suppose 3*z = 29*y - 30*y + 8, 5*y + 2*z = 14. Suppose -y*l + 5*h + 811 = -686, 0 = 3*l - 4*h - 2263. Is l prime?
True
Let c = -108 + 110. Suppose -2*t - 5*a = -1 - 17, -t - c*a = -11. Is t a prime number?
True
Let v(c) = 882*c**3 - 15*c - 2. Let l be v(-4). Let r = -12999 - l. Is r prime?
True
Let v(y) be the third derivative of -3/2*y**3 + 7*y**2 - 67/12*y**4 + 0*y + 0. Is v(-4) a prime number?
False
Let a(f) = 933*f**2 - 1882*f + 100. Is a(45) a composite number?
True
Let j = 50870 + -18099. Is j a prime number?
True
Suppose -41*b + 83770779 = 82*b + 18*b. Is b composite?
False
Let s be -7 - (4 + -5) - 3577. Let d = s - -5222. Is d a prime number?
False
Let p be (-116)/(-6)*(-14)/((-84)/9). Suppose 33*k = p*k + 348. Is k a prime number?
False
Is -1 + (30906/(-12))/(3/(-4)) composite?
False
Suppose 0 = 5*a - 5*x - 25, 5*a = 4*a - x + 3. Is (143848/14)/a - 6/(-21) composite?
True
Let y be (2/(-3))/((-6)/81). Suppose 5215 = 3*f - t, 5*f = -5*t - 0*t + 8685. Suppose y*u = 7*u + f. Is u a prime number?
False
Let o be 8 - 13 - (-120732)/(1 - -2). Suppose 14*w - o - 7739 = 0. Is w prime?
False
Suppose 12*s - 11503239 = 12*s - 33*s. Is s a prime number?
True
Let w(q) = 7*q**3 - 3 - 30*q - 6*q**3 + 13 + 0 - 14*q**2. Is w(17) composite?
False
Is -7 + (288/(-108))/((-1)/59889) prime?
True
Suppose 0 = 242*p - 244*p + 129142. Is p a composite number?
True
Let a(s) = 182*s**3 + 6*s**2 - 2*s - 27. Let f be a(5). Suppose 0 = -36*m + 33*m + f. Is m prime?
True
Suppose -76*w + 242599 = 100*w - 936777. Is w prime?
True
Let l be 9291/4 - (-16)/64. Let x(y) = 47*y + 28. Let q be x(-14). Let k = q + l. Is k a composite number?
False
Let v = 193 - 190. Suppose -v*w + 8*w = 7870. Is w a composite number?
True
Suppose -4*n - 5*p = -0*p - 1924, 1900 = 4*n - p. Let q = n + 87. Let b = 1082 - q. Is b a composite number?
True
Let h be (-35)/14*(-24)/5. Suppose -h*l = -29*l + 119765. Is l prime?
False
Let t(v) = 2*v + 16. Let j be t(-6). Suppose -q = j*b + 6, -3*b + 2*q + 0 + 1 = 0. Is (-1 - b - -4) + 73 a composite number?
True
Suppose 0 = 12*g - 524131 - 279545. Is g a composite number?
False
Suppose 34*r - 48*r + 70 = 0. Is r*3*203/87 a composite number?
True
Let j(o) = -o**2 - 5*o - 1. Let c be j(-7). Let n(r) = r**3 + 14*r**2 - 14*r + 20. Let b be n(c). Suppose b*d = -20, -s + 4*d + 52 = -17. Is s a prime number?
True
Let h(n) = 24461*n**2 - 23*n - 89. Is h(-4) a composite number?
False
Let d be (1306/(-12) - 4)*2*48. Let y = 18061 + d. Is y a prime number?
True
Let w be -1 + 1 + 0/4. Suppose -3*r + 9 = w, -o + 1421 + 396 = -2*r. Is o composite?
False
Let d = -271 - -274. Suppose -2*v = -2*z - 384, 0*v + d*z = -3*v + 570. Is v prime?
True
Let w = 150 - 146. Suppose w*z = 6*z - 8. Is z*(2629/132)/(2/42) composite?
True
Let f be (2 + -4 - -3)/(1/5). Let i(s) = 6*s**2 + 2*s + 1. Let j(c) = 6*c**2 + 3*c + 2. Let z(l) = f*i(l) - 4*j(l). Is z(11) composite?
False
Let n(m) = -26 + 9 + 7 - 1259*m. Is n(-7) a prime number?
True
Suppose 0 = -3*b - 5*r - 177 - 1, 0 = -4*b - 4*r - 224. Let w = 27 - b. Suppose -t = t - w. Is t a prime number?
False
Let y = -113386 + 188865. Is y a prime number?
True
Let i(s) = 30*s**2 - 2*s + 11. Let o(f) = -6*f - 18. Let r be o(-4). Let n be i(r). Suppose z + t + n = 4*z, 4*z - 1444 = 4*t. Is z a prime number?
True
Let k be 14/21 - 62023/(-3). Let i = k + -13588. Is i composite?
True
Let n = -62 + 73. Suppose n*x - 1428 = 1278. Let q = x - -23. Is q a prime number?
True
Suppose 0 = g - 5*q - 33, -2*g + 275 = 3*g - 3*q. Suppose g*u + 6*u = 1126976. Is u composite?
False
Let f(r) = 5104*r**3 - 4*r - 25. Is f(3) composite?
False
Let r(z) = -250*z + 17. Let w be r(-8). Suppose 4063 + w = -5*s. Let m = -549 - s. Is m composite?
True
Let r be ((-267)/178)/((-1)/(-12)*(-45)/5710). Let t(u) = 1683*u**2 - 2. Let n be t(-2). Suppose 3*j + r = k + n, -3*j = 4*k - 4431. Is j composite?
False
Let z(x) = x**2 + 13*x - 12. Let u be z(-14). Let m(k) = -8*k**u - 69 - 26*k + 2*k**3 + 49 + 6*k - 9*k**2. Is m(15) a prime number?
False
Let b(x) = -19 + x**3 + 34*x + 10*x**2 - 17*x + x. Is b(8) a prime number?
True
Let g = 3925 - 2334. Is g a prime number?
False
Is -11 - (-15)/(195/1578382) a composite number?
False
Is -251842*(5/(-7) - 210/735) composite?
True
Suppose -826 = u - 3*d - 2436, -3*u + 5*d + 4838 = 0. Let f = u + 537. Is f composite?
False
Let a(b) = 2*b**2 - 19*b - 6. Let w be a(10). Suppose 3*v + k = 2*v + 13452, 2*v - 26906 = -w*k. Is v a composite number?
False
Let k be 1 + (-34)/30 + 7295953/1335. Suppose 4*d + k - 15201 = 0. Is d a composite number?
True
Suppose -28*t + 118*t + 41*t = 33459758. Is t a prime number?
False
Suppose 477661 = -9*o + 2726590. Is o a composite number?
False
Let x(l) = l**3 - 7*l**2 - 18*l + 2. Let k be x(9). Let i be k/8 - (-385)/44. Is 1*3/i*69 prime?
True
Let h(s) = 17*s - 176. Let a be h(20). Let v = 387 + a. Is v a prime number?
False
Let w be -4 + (-1033*3 - 4 - 3). Let j = w - -1859. Is -3 + (-21)/(-6) - j/6 composite?
True
Suppose -10*t - 106 = -6. Let p(s) = -375*s + 157. Is p(t) prime?
True
Is -9 - (-6732209)/22 - 3 - (-3)/2 a prime number?
True
Let x = -5832 + 7367. Is x composite?
True
Let z = 901 - -2944. Suppose 0 = -t + 6*t - z. Is t a composite number?
False
Let g = -121808 - -231147. Is g composite?
True
Let n = 31 + -21. Let q be ((-1248)/20)/4 - (-6)/n. Let h(t) = t**3 + 15*t**2 - 3*t - 8. Is h(q) prime?
True
Let o(y) = y**2 + 14*y - 3. Suppose 0 = -6*h - 16 - 74. Let x be o(h). Let s = -5 + x. Is s a composite number?
False
Let z = -195524 + 1093467. Is z a prime number?
False
Let x = 374575 + -178782. Is x prime?
False
Let l be (-333)/(-4) - 4/16. Suppose -l = 5*g + 97. Is (4/(g/951))/((-3)/18) composite?
True
Suppose 52*x - 3*h = 50*x + 567475, -x - 4*h + 283743 = 0. Is x composite?
True
Suppose 2*k = -10*k - 7596. Is 118/177*(k/(-2) - 0) a prime number?
True
Let j(b) = -b**3 + 7*b**2 - 12*b + 4. Let o be j(4). Suppose -9*f = -10*f + o. Suppose -2*v - 3*a - 147 = -744, f*v + 2*a = 1174. Is v a composite number?
True
Let g(z) = 167*z**2 - 12*z + 9. Let m(b) = -84*b**2 + 6*b - 4. Suppose 4*o = 5*x + 31, -2*o - 24 = 3*x + o. Let f(a) = x*m(a) - 3*g(a). Is f(2) a prime number?
True
Suppose -a - 5*t - 6 = 2, -t = -5*a + 12. Let l be 4 - (-6)/3 - a. Is l/(-18) - (-15510)/54 prime?
False
Let c(f) = 22*f**2 + 2*f + 11. Suppose -4*d = b - 62, 3*b + 5*d = 147 + 4. Suppose 2*i = 9*i + b. Is c(i) composite?
True
Let t(b) = -2*b**2 - b + 160. Let j be t(0). Suppose y - 1309 = j. Is y composite?
True
Suppose 25 = -5*a, 0 = 3*n + 4*a - 5 + 19. Let t = -1748 + 1953. Is (1 - -1)*t/n prime?
False
Let s = 112883 + -53352. Is s a prime number?
False
Let i = 37407 - -117386. Is i a composite number?
True
Suppose -10*a = -7*a + 5*v + 205707, v - 137125 = 2*a. Let n = a + 119395. Is n a composite number?
True
Let o = 261 - 243. Let q(n) = 50*n + 155. Is q(o) composite?
True
Suppose 0 = -10*t + 7*t + 9. Suppose 5*j - 24693 = 4*d - 2*d, -2*j - t*d + 9881 = 0. Is j a prime number?
False
Let t = -96640 + 143187. Suppose -19*g + 129634 = t. Is g a prime number?
True
Suppose 0 = -l + 1546 - 10293. Is ((-12)/(-18))/(8/(-12))*l a prime number?
True
Is (-9)/((-9)/(-7)) + 687786 + -12 composite?
False
Suppose -s - 2*q - 3*q - 17 = 0, -s - q - 5 = 0. Let h(d) = 63*d**2 - 4*d - 1. Is h(s) composite?
True
Suppose 16*f - 1046551 = 6073. Is f prime?
True
Suppose -y + 348 - 19 = 0. Let q(n) = 8 + 1 - y*n - 7. Is q(-1) prime?
True
Is 111379 + 7*(-120)/(-70) composite?
True
Suppose -4*p - z + 149852 = 0, -14*z = -12*z. Is p composite?
False
Let d be ((-6)/1 - 4*-1)*-1. Suppose d*t - 25*o + 22*o = 50198, 125469 = 5*t - o. Is t prime?
False
Suppose 4*m + 18384 - 146316 = 4*r, 5*r = -20. Is m a prime number?
False
Is (2/(-2))/((9 - 3) + 11674235/(-1945705)) a composite number?
False
Let y(